factors of u/n + (-1 - 1).
3
Let s(h) = -h**2 - 6*h + 8. Let n be s(-7). Suppose -n = y - 11. What are the prime factors of y?
2, 5
Let k be (-8)/(-12)*(-1 + 7). Suppose -s = -k*s. Suppose s = 3*o - 12, -3*o = -v - 0*v - 5. What are the prime factors of v?
7
Suppose -5*b + 69 = -2*n - 111, -4*b + n = -141. Suppose -2*o + 2*z + 24 = -2, 3*o - b = 2*z. What are the prime factors of o?
2
Suppose -3*g - 197 = -4*t + 2*g, -92 = -2*t - 4*g. What are the prime factors of t?
2, 3
Let d = 7 - 6. Let x(g) = 74*g**3 - g**2 + 1. Let y be x(d). Suppose -2*j - y = -5*h, 2*h - 21 = -j + 5. What are the prime factors of h?
2, 7
Suppose 4*u + 0*u - 5*o = -36, -u = -4*o - 2. Let y(h) = h**3 + 13*h**2 - 16*h - 3. Let p be y(u). Suppose -p = -4*f - f. What are the prime factors of f?
5
Suppose -378 = -54*j + 51*j. List the prime factors of j.
2, 3, 7
Suppose -20*f = -21*f + 84. What are the prime factors of f?
2, 3, 7
Let q = -8 + 12. Let k = q + -2. List the prime factors of k.
2
Suppose -3*o + 7 = -2. What are the prime factors of o?
3
Let z = 83 + -48. What are the prime factors of z?
5, 7
Let f(p) = -p**2 - p + 1. Let s be f(0). Let r be (6 - 4) + s*3. What are the prime factors of r*2/((-20)/(-18))?
3
What are the prime factors of -4*(-7)/18*3*18?
2, 3, 7
Let h(y) = y**2 + y + 3. Let g be h(-3). Suppose -4*d + g = -27. What are the prime factors of d?
3
Let u be 36*1*2/4. Let y = 12 - 1. Let j = u - y. What are the prime factors of j?
7
Let h = -18 - -19. Let o(x) = 9*x**2 + 2*x. What are the prime factors of o(h)?
11
Let k(t) = 120*t**3 + t. List the prime factors of k(1).
11
Let t = -64 + 116. List the prime factors of t.
2, 13
Suppose -3*z - 118 = -7*n + 5*n, 5*n - z - 308 = 0. What are the prime factors of n?
2, 31
Let b = 2 - -3. Let k(m) = -m**3 + 6*m**2 - 4*m + 6. What are the prime factors of k(b)?
11
Suppose -4*a = a - 130. What are the prime factors of a?
2, 13
Let p(s) = -s + 2. Let a be p(-8). Let f(m) = 2*m - 11. What are the prime factors of f(a)?
3
Suppose -6*k + 12 = -2*k. Suppose 0 = c + k*c - 16. What are the prime factors of c?
2
Suppose 2*z + 18 = 2*h + 104, 0 = -2*z + h + 91. List the prime factors of z.
2, 3
Let t(l) = l**2 + 13*l - 9. List the prime factors of t(-15).
3, 7
Let h(t) = 4*t**2 + 13*t - 1. Let i(d) = 3*d**2 + 12*d - 1. Let b(a) = 4*h(a) - 5*i(a). What are the prime factors of b(9)?
2, 5
Suppose 3*q - 2*i - 125 - 82 = 0, -4*i - 130 = -2*q. List the prime factors of q.
71
Let t = 192 - 67. What are the prime factors of t?
5
Suppose -13 = -3*c - 1. Suppose -19 - 29 = -c*b. List the prime factors of b.
2, 3
Suppose -2*m = 0, c = m - 0*m + 27. What are the prime factors of c*((-2)/(-2))/1?
3
Let q(x) = -x**3 - 6*x**2 - 10*x - 1. What are the prime factors of q(-5)?
2, 3
Let g(c) = 1 + 10 + 1 - 9*c - 3 - c**2. List the prime factors of g(-8).
17
Let a(m) = -2*m - 5. Let y = 4 - 4. Suppose y = -2*r - r - 24. What are the prime factors of a(r)?
11
Suppose -l = 3*j - 138, -2*l + l = 4*j - 185. Suppose -p + 5*g = -5*p + j, g = p - 14. List the prime factors of p.
13
Let f = 16 - -25. List the prime factors of f.
41
Suppose 243 - 73 = 5*l. What are the prime factors of l?
2, 17
Let i(b) = b**3 - b - 2. Let q be i(2). Suppose 0 = q*j + j - 80. What are the prime factors of j?
2
Let m be (-9)/7 - (-12)/42. Let z be 1*(m + 16 + -2). Suppose 4*x - 3*x + a - 2 = 0, -z = -5*x - 2*a. What are the prime factors of x?
3
Suppose -3*t - 2*g + 350 = -189, 0 = -4*t - 2*g + 716. What are the prime factors of t?
3, 59
Let i = -19 - -13. Let n(t) = t**2 + 4*t - 6. Let q be n(i). Suppose 0 = -3*f + 6 + q. What are the prime factors of f?
2
Let o = 2 - -1. Suppose 0*p + 36 = o*p. What are the prime factors of p?
2, 3
Let h = -2 + 5. Suppose -l = h*l - 16. List the prime factors of l.
2
Let s = -86 - -146. List the prime factors of s.
2, 3, 5
Suppose 0 = 3*f + 4*z + 2 - 96, 3*f - 104 = -2*z. List the prime factors of f.
2, 19
Let s(g) = -11*g + 3. Let c be s(2). Let l = -8 - c. List the prime factors of l.
11
Let h = 47 + 53. List the prime factors of h.
2, 5
Let z = -139 - -228. What are the prime factors of z?
89
Let f = -9 - -16. Suppose g - 2 = f. List the prime factors of g.
3
Let b be 6*(1 - (-3)/(-6)). Suppose 11 = -f + b*t + 2, -4*t = -3*f - 22. Let c = -4 - f. What are the prime factors of c?
2
Let l = 111 - 72. What are the prime factors of l?
3, 13
Suppose c = 5*g + 2, -2*c + 4*g - 3*g = -4. Suppose 0 = 4*n - 11 - 5. Suppose -5*a - n*h = -32, 3*h = -2*a - c*h + 23. List the prime factors of a.
2
Suppose c - 6 = -2. Suppose 8*k - c*k = 84. List the prime factors of k.
3, 7
Let g(a) = 2*a**3 + 2*a + 1. Let h be g(-1). Let m = 8 + h. List the prime factors of m.
5
What are the prime factors of (-5)/(-10) + (-172)/(-8)?
2, 11
Let m(o) = o**2 + 10*o + 12. Let x be m(-12). Suppose 3*d = x + 36. List the prime factors of d.
2, 3
Let l(a) = -2*a - 1. Let b be l(-3). Suppose b*j - 9 = 2*j. List the prime factors of (-1)/3 - (-49)/j.
2
Let g(k) = -k**2 - 5*k. Let m be g(-7). List the prime factors of 1*(-5)/(5/m).
2, 7
Suppose -2*t - 206 = -4*q - 4*t, 2*q - 99 = -5*t. What are the prime factors of q?
2, 13
What are the prime factors of 3/(-2)*4/(-18)*39?
13
Suppose 14 = 5*n - 1. Suppose n*h - h = 30. What are the prime factors of h?
3, 5
Let n(h) = h + 8. Let g be n(-6). Suppose 4*v = -5*a + 30, 3*v + g*v = -2*a + 46. Suppose -5*m + 50 = 4*y, y + 4*m - 28 + v = 0. List the prime factors of y.
2, 5
Suppose b + j + 3*j = 30, 70 = 5*b + 4*j. Suppose -b*c = -5*c - 170. What are the prime factors of c?
2, 17
Let j be (-28 - -10)/((-2)/(-3)). Let v = 40 + j. What are the prime factors of v?
13
Let s(o) = 10*o - 4*o**3 + 0 + 6 + 5*o**3 - 4*o + 8*o**2. What are the prime factors of s(-7)?
13
Let l(u) = -u**2 + 7*u + 1. Let b be l(6). Let w(j) = j - 3. List the prime factors of w(b).
2
Let f(p) = -p + 9. Let y be f(7). Let d(z) = 8*z. List the prime factors of d(y).
2
Suppose -5*y + 5 = 0, 0 = -0*o - 3*o + 2*y + 46. Suppose -4 = c - o. Suppose -c = x - 5*x. List the prime factors of x.
3
Let v be (-87)/(-15) + (-1)/(-5). Suppose 0 = v*u - u - 160. Suppose m + 3*d = 15, 0 = -3*m - 3*d + 7 + u. What are the prime factors of m?
2, 3
Let r = 1 + -30. Let b = r + 44. List the prime factors of b.
3, 5
Suppose -2*f + 10 = -0*f. Let p = 12 - f. Suppose 5 = 3*z - p. List the prime factors of z.
2
List the prime factors of (-927)/(3/1)*1/(-3).
103
Suppose -3*k - 2*o = 1 - 3, 12 = 4*k - 2*o. Suppose -2*p + 22 = 5*t, -3*p + 3*t + 55 = k*p. List the prime factors of p.
11
Let l(x) = -10*x - 12. What are the prime factors of l(-12)?
2, 3
Let b(d) = -d**3 + 9*d**2 + 11*d - 11. List the prime factors of b(8).
3, 47
Suppose 3*t - 9 = 63. What are the prime factors of (49 - 1)*16/t?
2
Let d(u) = u**3 + 11*u**2 - 3*u + 9. What are the prime factors of d(-8)?
3, 5
Suppose 0 = -2*v - 5*n + 134, -v = -3*v + 2*n + 148. List the prime factors of v.
2, 3
Let t be 1/(-2)*0/(-3). Suppose -4*z + z - 12 = t. Let a = z + 6. List the prime factors of a.
2
Suppose -t + 0 = 4*n + 10, -4*n = 2*t + 8. Suppose 0 = t*a - 9 - 21. List the prime factors of a.
3, 5
Let s be -2 + (-2 - (-4 - 7)). Suppose -175 = -s*q - 0*q. What are the prime factors of q?
5
Let n = -3 - 0. Let q = n - -2. List the prime factors of (q + 4)/((-1)/(-1)).
3
Let n be 1 + 2/(-2) + 0. Suppose n = 4*f + f. Suppose 0 = -3*y - f*y + 36. List the prime factors of y.
2, 3
Suppose -2*r = 2*r - 188. List the prime factors of r.
47
Let b(r) = r**2 - 8*r. Let s be 37/4 - 2/8. Let y be b(s). Suppose 3*f - y = -0*f. List the prime factors of f.
3
Let r be 2/(-8)*46*-4. Suppose -r = -4*k + 98. Suppose 2*u - k = -0*u. List the prime factors of u.
2, 3
Suppose -5*m - d + 452 = -1052, 4*m - 1205 = d. List the prime factors of m.
7, 43
List the prime factors of (-19 - 3)*6/(-4).
3, 11
Suppose 0 = c + 9 - 66. What are the prime factors of c?
3, 19
Suppose -25 = 2*r - 193. What are the prime factors of r?
2, 3, 7
Let o(f) be the third derivative of -1/3*f**3 - 3*f**2 + 0*f - 1/6*f**4 + 0. What are the prime factors of o(-2)?
2, 3
Suppose 12*t - 112 = 56. What are the prime factors of t?
2, 7
Let a be (-6)/(-21)*(9 - 2). Let h(k) = 1 + 4*k**a - 2*k**2 + 1 + 5*k. List the prime factors of h(-3).
5
Suppose t + 2*w = 5*t - 374, 3*t = -2*w +